648ba6
In base 10, what is 387 + -1277112?
-1276725
In base 16, what is 5 + 1b17d28?
1b17d2d
In base 6, what is 144201 - 332554?
-144353
In base 14, what is -185d8 + 28d?
-18349
In base 11, what is 33436873 + 3?
33436876
In base 8, what is -4 + 121337513?
121337507
In base 9, what is -1314 - 7201?
-8515
In base 11, what is 4963 + 2651?
7504
In base 5, what is -21 - -40314241012?
40314240441
In base 11, what is 5a + -92857?
-927a8
In base 15, what is -2283 - e4a3?
-11736
In base 6, what is 23 + -40300031?
-40300004
In base 9, what is 162 + 55267?
55440
In base 7, what is -101514 + -360142?
-461656
In base 9, what is 2443 + -430?
2013
In base 14, what is 158d0c9 - 0?
158d0c9
In base 8, what is 3 - 1375442701?
-1375442676
In base 11, what is 0 + -56a98948?
-56a98948
In base 4, what is -1220021023 + -11?
-1220021100
In base 7, what is -44 + 215442?
215365
In base 2, what is -10001011 - 100101000011001?
-100101010100100
In base 5, what is -24210022 + 3421?
-24201101
In base 12, what is -3 + -1b6b7844?
-1b6b7847
In base 12, what is -1 + -1530b5a?
-1530b5b
In base 15, what is 2c58d + -129a?
2b2e3
In base 8, what is 25460270 + -17?
25460251
In base 7, what is 2106 + 423556?
425665
In base 11, what is 0 - 3599169?
-3599169
In base 12, what is -6564 - -4606?
-1b5a
In base 10, what is 81 + -815653?
-815572
In base 14, what is d0867 - -9?
d0872
In base 2, what is 1101110 + 101110001001000101000?
101110001001010010110
In base 4, what is -100 - -212121001?
212120301
In base 3, what is 21101221 + -10121011100?
-10022202102
In base 13, what is -96 + -2b97b?
-2ba44
In base 10, what is -22 + 7281214?
7281192
In base 14, what is -362 + -9c226?
-9c588
In base 3, what is 2 - -10112001221210210?
10112001221210212
In base 7, what is -11015651 - 2262?
-11021243
In base 12, what is 124a4 - -a?
124b2
In base 15, what is 2e1e6 + ad?
2e2a4
In base 15, what is -3d0354 - 2?
-3d0356
In base 4, what is -1 + -13311123201?
-13311123202
In base 6, what is 3033214 - 3403?
3025411
In base 9, what is 32341 + -43?
32287
In base 16, what is 3a5 + -eb436?
-eb091
In base 4, what is -113 - 1323110102000?
-1323110102113
In base 10, what is -34571461 - 0?
-34571461
In base 11, what is 3a + 132372?
132401
In base 4, what is -13 + 12331023003223?
12331023003210
In base 14, what is -6d59 + d19?
-6040
In base 15, what is c22b93 - -15?
c22ba8
In base 5, what is -20111 - 422304?
-442420
In base 10, what is -95 + -44688?
-44783
In base 13, what is -12c76 + -703?
-13679
In base 16, what is 311 + f2a?
123b
In base 7, what is 315441554 + 1?
315441555
In base 3, what is 100010112122 + 102101?
100010222000
In base 3, what is 22110110022 - 22110?
22110010212
In base 8, what is 4 - -62525363?
62525367
In base 9, what is 1618 + -1463341?
-1461622
In base 3, what is -100 + -1111020001100?
-1111020001200
In base 16, what is 13e0 + 112f0?
126d0
In base 6, what is -2453425225 + -34?
-2453425303
In base 10, what is -19383 + -11155?
-30538
In base 6, what is -1420 + -111133?
-112553
In base 14, what is -10b054b - 15?
-10b0562
In base 15, what is -4a8a71 - a?
-4a8a7b
In base 12, what is 471172 + 0?
471172
In base 8, what is -150 - -551353?
551203
In base 11, what is -15 + -155919?
-155933
In base 4, what is 123311000 - 21022?
123223312
In base 2, what is -11100011011 - -1010000100100?
110100001001
In base 7, what is -1201 + -603?
-2104
In base 8, what is -711757 - -33?
-711724
In base 2, what is -1000111 + -11000010110100100110000?
-11000010110100101110111
In base 3, what is 1001202121200 + 1110?
1001202200010
In base 16, what is -656 + -1731f?
-17975
In base 5, what is -13302432 + 120132?
-13132300
In base 2, what is -111101001001100110011 - 10100111?
-111101001001111011010
In base 16, what is 40a - a903?
-a4f9
In base 16, what is -a - dc1a8d?
-dc1a97
In base 12, what is -12 + 120608?
1205b6
In base 12, what is 452 - -71994?
72226
In base 11, what is -5 + -51403483?
-51403488
In base 7, what is 5 + 13103535?
13103543
In base 6, what is 4411 - -1355202?
1404013
In base 12, what is -4 - 83b801?
-83b805
In base 10, what is -8664 + -3571?
-12235
In base 14, what is 456 - 12351?
-11cd9
In base 3, what is -11021012 + 1021211202?
1010120120
In base 2, what is -10100001101110 - 1110010?
-10100011100000
In base 8, what is 21 + 554607?
554630
In base 6, what is -1223014 - -4?
-1223010
In base 11, what is -1 + 30a7681?
30a7680
In base 12, what is -19 - -2b80b14?
2b80ab7
In base 12, what is 865b79 + 0?
865b79
In base 6, what is -155245 + -345?
-200034
In base 3, what is -20 - 1101221220022220?
-1101221220100010
In base 12, what is -6 - -622156?
622150
In base 5, what is 4 - 10322332212?
-10322332203
In base 9, what is -5547 + 83863?
77315
In base 16, what is 17d802 - b5?
17d74d
In base 2, what is 1000 - 110000110010101100?
-110000110010100100
In base 16, what is -28 + -24e59b?
-24e5c3
In base 7, what is -1330446330 + -22?
-1330446352
In base 10, what is 26772 + 586?
27358
In base 15, what is -506850 + 3?
-50684c
In base 9, what is -174675 - -814?
-173761
In base 6, what is 222 + -53353543?
-53353321
In base 10, what is 4670702 + -102?
4670600
In base 7, what is -154126 - -152442?
-1354
In base 2, what is 1010011000100000100 - -1111?
1010011000100010011
In base 6, what is 1 + 1145111051?
1145111052
In base 16, what is 6661 - -135?
6796
In base 15, what is -e + -1a76?
-1a85
In base 10, what is 3660774 - -5?
3660779
In base 13, what is 52 - -739066?
7390b8
In base 3, what is 12 - 11200201202122020?
-11200201202122001
In base 12, what is 2a2 - 39451?
-3916b
In base 14, what is -104842 + b8?
-104768
In base 15, what is -97 - cde2d?
-cdec5
In base 12, what is -83 - 110a49?
-110b10
In base 10, what is -304 - -8268?
7964
In base 9, what is 1332473 + -2?
1332471
In base 2, what is 10000011010 + 10011101110011000?
10011111110110010
In base 5, what is -1 + 20213031212?
20213031211
In base 7, what is 1341 - 51522?
-50151
In base 5, what is 12413123344210 + 10?
12413123344220
In base 14, what is 6c4 - 253?
471
In base 8, what is 23411453 - -3?
23411456
In base 10, what is 2268 - -1799?
4067
In base 10, what is -5411958 - -63?
-5411895
In base 8, what is -6666 - 2602?
-11470
In base 8, what is -7400414 + -51?
-7400465
In base 13, what is -9ac92 - 46?
-9b008
In base 14, what is 4318 + -3bb7?
541
In base 3, what is 1220 - -110020021110?
110020100100
In base 5, what is 333034303 - -4?
333034312
In base 11, what is 5 - -1974359?
1974363
In base 4, what is 130301223323200 + -1?
130301223323133
In base 16, what is f + -1868c3?
-1868b4
In base 7, what is 0 - -361604310?
361604310
In base 15, what is 1149 + -1881?
-737
In base 5, what is -2022003 - -2131?
-2014322
In base 7, what is 3033 - 2620165?
-2614132
In base 12, what is 1640bb + 18?
164117
In base 10, what is 11982 - -18985?
30967
In base 13, what is 7a7582ca + 5?
7a758302
In base 11, what is 0 + 3890a1?
3890a1
In base 5, what is 11 - -2043430143?
2043430204
In base 9, what is -16721 + -3242?
-21063
In base 16, what is -1ceff76 + -4?
-1ceff7a
In base 14, what is -2 + 26261745?
26261743
In base 3, what is -20212122122 + -20222?
-20212220121
In base 16, what is -201 - 2f94?
-3195
In base 11, what is 491 + 1a772?
20153
In base 8, what is 55136 + 25060?
102216
In base 9, what is 710 + 140377?
141187
In base 8, what is -247615617 - 14?
-247615633
In base 5, what is 1 + 311440332?
311440333
In base 11, what is 6 + 91406?
91411
In base 4, what is 2111101 - 211?
2110230
In base 8, what is 144445263 - -3?
144445266
In base 6, what is 2234511 - -15030?
2253541
In base 10, what is -185 + 212439?
212254
In base 13, what is -34c + 161a7?
15b58
In base 3, what is -10001210211 + 110?
-10001210101
In base 2, what is -1101000000001110010101 + 10?
-1101000000001110010011
In base 9, what is 354542 - -687?
355340
In base 4, what is -200 - 20001111102?
-20001111302
In base 4, what is -1023 - -1222111?
1221022
In base 2, what is -11111001111100111110101 + -10?
-11111001111100111110111
In base 3, what is 200120202 - 202122122?
-2001220
In base 5, what is 10022 + 11022441?
11033013
In base 12, what is -175192 - -19?
-175175
In base 5, what is 101044222 + -21?
101044201
In base 9, what is -1048836 - -21?
-1048815
In base 10, what is 27563 - -801?
28364
In base 7, what is 261 - 122624?
-122333
In base 5, 